{"id":680,"date":"2024-01-31T19:53:30","date_gmt":"2024-01-31T18:53:30","guid":{"rendered":"https:\/\/dev.fletc.fr\/?post_type=product&#038;p=680"},"modified":"2024-07-24T16:50:24","modified_gmt":"2024-07-24T14:50:24","slug":"cycle-1-mtc-theorie-fondamentale-niveau-2","status":"publish","type":"product","link":"https:\/\/dev.fletc.fr\/index.php\/produit\/cycle-1-mtc-theorie-fondamentale-niveau-2\/","title":{"rendered":"Th\u00e9orie fondamentale niveau 2"},"content":{"rendered":"<p>D\u00e9couvrez notre formation de Th\u00e9orie Fondamentale niveau 2.<\/p>\n<h2><strong>Points forts<\/strong><\/h2>\n<p>&nbsp;<\/p>\n<h2>Objectifs de la formation th\u00e9orie fondamentale ETC niveau 2<\/h2>\n<p>En 2\u00e8me ann\u00e9e, nous affinons la compr\u00e9hension de la dysharmonie, et d\u00e9finissons les moyens de retrouver l\u2019\u00e9quilibre, gr\u00e2ce au bilan \u00e9nerg\u00e9tique en ETC.<\/p>\n<p>&nbsp;<\/p>\n<h2>Objectifs \u00e9valuables et op\u00e9rationnels<\/h2>\n<p>\u00c0 l\u2019issue de cette formation, le stagiaire sera capable de :<br \/>\n&#8211; approfondir sa compr\u00e9hension de la th\u00e9orie fondamentale de l&rsquo;ETC<br \/>\n&#8211; conna\u00eetre les trajets et les fonctions des m\u00e9ridiens Ma\u00eetre-C\u0153ur, Estomac<br \/>\n&#8211; puis localiser les points d\u2019acupuncture sur le corps, en conna\u00eetre les sp\u00e9cificit\u00e9s et les fonctions<br \/>\n&#8211; concevoir les liens entre les m\u00e9ridiens selon les diff\u00e9rentes parties du corps<br \/>\n&#8211; aussi r\u00e9aliser un bilan \u00e9nerg\u00e9tique selon les 8 principes (Ba Gang)<br \/>\n&#8211; ma\u00eetriser les 4 temps du bilan \u00e9nerg\u00e9tique<br \/>\n&#8211; puis \u00e9tablir un bilan \u00e9nerg\u00e9tique selon la th\u00e9orie du Qi\/Sang\/ Liquides Organiques<br \/>\n&#8211; conna\u00eetre les syndromes des organes Rein, Rate, Poumon, Foie, C\u0153ur<br \/>\n&#8211; conna\u00eetre les syndromes des entrailles Estomac, Intestin-Gr\u00eale, Gros Intestin, V\u00e9sicule Biliaire, Vessie<br \/>\n&#8211; aussi conna\u00eetre les syndromes complexes<br \/>\n&#8211; prendre le pouls et observer la langue<br \/>\n&#8211; r\u00e9aliser une anamn\u00e8se et mener un entretien de sant\u00e9<br \/>\n&#8211; et donc d\u00e9terminer les principes de traitement adapt\u00e9s, et choisir les points d\u2019acupuncture appropri\u00e9s pour r\u00e9tablir l\u2019\u00e9quilibre \u00e9nerg\u00e9tique de la personne<br \/>\n&#8211; prodiguer des conseils d\u2019hygi\u00e8ne de vie adapt\u00e9s<br \/>\n&#8211; effectuer la palpation de l\u2019abdomen<br \/>\n&#8211; conna\u00eetre les th\u00e9ories des 6 grands m\u00e9ridiens, des 4 couches et des 3 R\u00e9chauffeurs<br \/>\n&#8211; puis conna\u00eetre les applications de la moxibustion et pratiquer les moxas<br \/>\n&#8211; conna\u00eetre les effets des ventouses, et pratiquer la pose de ventouses<br \/>\n&#8211; et aussi conna\u00eetre les effets de l\u2019acupuncture et s\u2019exercer \u00e0 la poncture<br \/>\n&#8211; pratiquer le massage du m\u00e9ridien Vessie \u00e0 l\u2019aide de ventouses<br \/>\n&#8211; se perfectionner gr\u00e2ce \u00e0 l\u2019observation de praticiens en situation<br \/>\n&#8211; conna\u00eetre le fonctionnement du corps humain (parcours d\u2019ECH)<br \/>\n&#8211; et enfin pratiquer le Qi Gong<\/p>\n<p>&nbsp;<\/p>\n<h2>Public vis\u00e9<\/h2>\n<p>Tout public, demandeur d\u2019emploi.<\/p>\n<p>&nbsp;<\/p>\n<h2>Pr\u00e9requis de la formation th\u00e9orie fondamentale d&rsquo;ETC niveau 2<\/h2>\n<p>Avoir suivi la 1\u00e8re ann\u00e9e d&rsquo;ETC \u00e0 la FLETC. Toute personne ext\u00e9rieure souhaitant int\u00e9grer la formation en cours de cursus, sera soumise \u00e0 une \u00e9valuation des connaissances.<\/p>\n<p>&nbsp;<\/p>\n<h2>Niveau de connaissances pr\u00e9alables requis et moyens techniques<\/h2>\n<p>Maitrise de la langue fran\u00e7aise orale et \u00e9crite.<br \/>\nPuis poss\u00e9der un mat\u00e9riel informatique ad\u00e9quat et une connexion internet.<\/p>\n<p>&nbsp;<\/p>\n<h2>Dur\u00e9e de la formation th\u00e9orie fondamentale d&rsquo;ETC niveau 2<\/h2>\n<p>9 week-ends de 2 jours par an + session d\u2019\u00e9t\u00e9 de 5 jours<br \/>\nPuis 2h de visioconf\u00e9rence en direct chaque mois pour r\u00e9pondre aux questions sur le cours d&rsquo;ETC<br \/>\nEt enfin 3 webinaires de 2h par an, en direct, pour r\u00e9pondre aux questions sur le cours d\u2019ECH (Etude du Corps Humain)<\/p>\n<p>&nbsp;<\/p>\n<h2>Lieu de la formation<\/h2>\n<p><a href=\"https:\/\/dev.fletc.fr\/index.php\/nos-centres-de-formation\/#Toulouse\">TOULOUSE<\/a> \u2013 <a href=\"https:\/\/dev.fletc.fr\/index.php\/nos-centres-de-formation\/#Lyon\">LYON<\/a> \u2013 <a href=\"https:\/\/dev.fletc.fr\/index.php\/nos-centres-de-formation\/#Lille\">LILLE<\/a> &#8211; \u00c0 DISTANCE<\/p>\n<p>&nbsp;<\/p>\n<h2>Formateurs<\/h2>\n<p>Formateurs\/formatrices et praticiens\/praticiennes certifi\u00e9s par la FLETC.<\/p>\n<p>&nbsp;<\/p>\n<h2>Moyens et m\u00e9thodes p\u00e9dagogiques<\/h2>\n<p>184 heures de cours (distanciel ou pr\u00e9sentiel)<br \/>\nEn plus, acc\u00e8s \u00e0 une plateforme d\u2019e-learning personnalis\u00e9e 24h\/24 7j\/7<br \/>\nEt aussi des vid\u00e9os compl\u00e9mentaires de cours<\/p>\n","protected":false},"excerpt":{"rendered":"<p>En 2\u00e8me ann\u00e9e, nous affinons la compr\u00e9hension de la dysharmonie, et d\u00e9finissons les moyens de retrouver l\u2019\u00e9quilibre, gr\u00e2ce au bilan \u00e9nerg\u00e9tique en MTC.\u00a0<span style=\"color: #ff0000;\"><strong>Aper\u00e7u du programme :<\/strong><\/span><\/p>\n<ul>\n<li>Etablir un bilan \u00e9nerg\u00e9tique en MTC, en respectant les 4 temps de l\u2019examen et les 8 r\u00e8gles (Ba Gang)<\/li>\n<li>Conna\u00eetre les th\u00e9ories auxquelles se r\u00e9f\u00e9rer pour traiter le d\u00e9s\u00e9quilibre \u00e9nerg\u00e9tique<\/li>\n<li>D\u00e9terminer les principes de traitement ad\u00e9quats<\/li>\n<li>Assister \u00e0 des simulations de cabinet r\u00e9alis\u00e9es par des professionnels<\/li>\n<li>Des ateliers pratiques lors de chaque week-end de cours (ventouses, moxas, bilans \u00e9nerg\u00e9tiques, r\u00e9visions des points d\u2019acupuncture, Qi Gong)<\/li>\n<li>\u00c9tude du Corps Humain (ECH)<\/li>\n<\/ul>\n<p>&nbsp;<\/p>\n","protected":false},"featured_media":1684,"comment_status":"open","ping_status":"closed","template":"","meta":{"ocean_post_layout":"full-width","ocean_both_sidebars_style":"","ocean_both_sidebars_content_width":0,"ocean_both_sidebars_sidebars_width":0,"ocean_sidebar":"0","ocean_second_sidebar":"0","ocean_disable_margins":"enable","ocean_add_body_class":"","ocean_shortcode_before_top_bar":"","ocean_shortcode_after_top_bar":"","ocean_shortcode_before_header":"","ocean_shortcode_after_header":"","ocean_has_shortcode":"","ocean_shortcode_after_title":"","ocean_shortcode_before_footer_widgets":"","ocean_shortcode_after_footer_widgets":"","ocean_shortcode_before_footer_bottom":"","ocean_shortcode_after_footer_bottom":"","ocean_display_top_bar":"default","ocean_display_header":"default","ocean_header_style":"","ocean_center_header_left_menu":"0","ocean_custom_header_template":"0","ocean_custom_logo":0,"ocean_custom_retina_logo":0,"ocean_custom_logo_max_width":0,"ocean_custom_logo_tablet_max_width":0,"ocean_custom_logo_mobile_max_width":0,"ocean_custom_logo_max_height":0,"ocean_custom_logo_tablet_max_height":0,"ocean_custom_logo_mobile_max_height":0,"ocean_header_custom_menu":"0","ocean_menu_typo_font_family":"0","ocean_menu_typo_font_subset":"","ocean_menu_typo_font_size":0,"ocean_menu_typo_font_size_tablet":0,"ocean_menu_typo_font_size_mobile":0,"ocean_menu_typo_font_size_unit":"px","ocean_menu_typo_font_weight":"","ocean_menu_typo_font_weight_tablet":"","ocean_menu_typo_font_weight_mobile":"","ocean_menu_typo_transform":"","ocean_menu_typo_transform_tablet":"","ocean_menu_typo_transform_mobile":"","ocean_menu_typo_line_height":0,"ocean_menu_typo_line_height_tablet":0,"ocean_menu_typo_line_height_mobile":0,"ocean_menu_typo_line_height_unit":"","ocean_menu_typo_spacing":0,"ocean_menu_typo_spacing_tablet":0,"ocean_menu_typo_spacing_mobile":0,"ocean_menu_typo_spacing_unit":"","ocean_menu_link_color":"","ocean_menu_link_color_hover":"","ocean_menu_link_color_active":"","ocean_menu_link_background":"","ocean_menu_link_hover_background":"","ocean_menu_link_active_background":"","ocean_menu_social_links_bg":"","ocean_menu_social_hover_links_bg":"","ocean_menu_social_links_color":"","ocean_menu_social_hover_links_color":"","ocean_disable_title":"default","ocean_disable_heading":"default","ocean_post_title":"","ocean_post_subheading":"","ocean_post_title_style":"","ocean_post_title_background_color":"","ocean_post_title_background":0,"ocean_post_title_bg_image_position":"","ocean_post_title_bg_image_attachment":"","ocean_post_title_bg_image_repeat":"","ocean_post_title_bg_image_size":"","ocean_post_title_height":0,"ocean_post_title_bg_overlay":0.5,"ocean_post_title_bg_overlay_color":"","ocean_disable_breadcrumbs":"default","ocean_breadcrumbs_color":"","ocean_breadcrumbs_separator_color":"","ocean_breadcrumbs_links_color":"","ocean_breadcrumbs_links_hover_color":"","ocean_display_footer_widgets":"default","ocean_display_footer_bottom":"default","ocean_custom_footer_template":"0"},"product_brand":[],"product_cat":[24],"product_tag":[],"class_list":{"0":"post-680","1":"product","2":"type-product","3":"status-publish","4":"has-post-thumbnail","6":"product_cat-cycle-1-mtc-theorie-fondamentale","8":"entry","9":"has-media","11":"first","12":"instock","13":"purchasable","14":"product-type-variable","15":"has-product-nav","16":"col","17":"span_1_of_3","18":"owp-content-center","19":"item-entry","20":"owp-thumbs-layout-horizontal","21":"owp-btn-normal","22":"owp-tabs-layout-horizontal","24":"circle-sale"},"yoast_head":"<!-- This site is optimized with the Yoast SEO plugin v25.4 - https:\/\/yoast.com\/wordpress\/plugins\/seo\/ -->\n<title>Th\u00e9orie fondamentale niveau 2 - FLETC<\/title>\n<meta name=\"description\" content=\"D\u00e9couvrez notre formation en th\u00e9orie fondamentale de M\u00e9decine Traditionnelle Chinoise (MTC) niveau 2 et son programme d\u00e9taill\u00e9.\" \/>\n<meta name=\"robots\" content=\"noindex, follow, max-snippet:-1, max-image-preview:large, max-video-preview:-1\" \/>\n<meta property=\"og:locale\" content=\"fr_FR\" \/>\n<meta property=\"og:type\" content=\"article\" \/>\n<meta property=\"og:title\" content=\"Th\u00e9orie fondamentale niveau 2 - FLETC\" \/>\n<meta property=\"og:description\" content=\"D\u00e9couvrez notre formation en th\u00e9orie fondamentale de M\u00e9decine Traditionnelle Chinoise (MTC) niveau 2 et son programme d\u00e9taill\u00e9.\" \/>\n<meta property=\"og:url\" content=\"https:\/\/dev.fletc.fr\/index.php\/produit\/cycle-1-mtc-theorie-fondamentale-niveau-2\/\" \/>\n<meta property=\"og:site_name\" content=\"FLETC\" \/>\n<meta property=\"article:publisher\" content=\"https:\/\/www.facebook.com\/FletcEcole\" \/>\n<meta property=\"article:modified_time\" content=\"2024-07-24T14:50:24+00:00\" \/>\n<meta property=\"og:image\" content=\"https:\/\/dev.fletc.fr\/wp-content\/uploads\/2024\/07\/TF2-3-CV.png\" \/>\n\t<meta property=\"og:image:width\" content=\"1080\" \/>\n\t<meta property=\"og:image:height\" content=\"1080\" \/>\n\t<meta property=\"og:image:type\" content=\"image\/png\" \/>\n<meta name=\"twitter:card\" content=\"summary_large_image\" \/>\n<meta name=\"twitter:label1\" content=\"Dur\u00e9e de lecture estim\u00e9e\" \/>\n\t<meta name=\"twitter:data1\" content=\"3 minutes\" \/>\n<script type=\"application\/ld+json\" class=\"yoast-schema-graph\">{\"@context\":\"https:\/\/schema.org\",\"@graph\":[{\"@type\":\"WebPage\",\"@id\":\"https:\/\/dev.fletc.fr\/index.php\/produit\/cycle-1-mtc-theorie-fondamentale-niveau-2\/\",\"url\":\"https:\/\/dev.fletc.fr\/index.php\/produit\/cycle-1-mtc-theorie-fondamentale-niveau-2\/\",\"name\":\"Th\u00e9orie fondamentale niveau 2 - FLETC\",\"isPartOf\":{\"@id\":\"https:\/\/dev.fletc.fr\/#website\"},\"primaryImageOfPage\":{\"@id\":\"https:\/\/dev.fletc.fr\/index.php\/produit\/cycle-1-mtc-theorie-fondamentale-niveau-2\/#primaryimage\"},\"image\":{\"@id\":\"https:\/\/dev.fletc.fr\/index.php\/produit\/cycle-1-mtc-theorie-fondamentale-niveau-2\/#primaryimage\"},\"thumbnailUrl\":\"https:\/\/dev.fletc.fr\/wp-content\/uploads\/2024\/07\/TF2-3-CV.png\",\"datePublished\":\"2024-01-31T18:53:30+00:00\",\"dateModified\":\"2024-07-24T14:50:24+00:00\",\"description\":\"D\u00e9couvrez notre formation en th\u00e9orie fondamentale de M\u00e9decine Traditionnelle Chinoise (MTC) niveau 2 et son programme d\u00e9taill\u00e9.\",\"breadcrumb\":{\"@id\":\"https:\/\/dev.fletc.fr\/index.php\/produit\/cycle-1-mtc-theorie-fondamentale-niveau-2\/#breadcrumb\"},\"inLanguage\":\"fr-FR\",\"potentialAction\":[{\"@type\":\"ReadAction\",\"target\":[\"https:\/\/dev.fletc.fr\/index.php\/produit\/cycle-1-mtc-theorie-fondamentale-niveau-2\/\"]}]},{\"@type\":\"ImageObject\",\"inLanguage\":\"fr-FR\",\"@id\":\"https:\/\/dev.fletc.fr\/index.php\/produit\/cycle-1-mtc-theorie-fondamentale-niveau-2\/#primaryimage\",\"url\":\"https:\/\/dev.fletc.fr\/wp-content\/uploads\/2024\/07\/TF2-3-CV.png\",\"contentUrl\":\"https:\/\/dev.fletc.fr\/wp-content\/uploads\/2024\/07\/TF2-3-CV.png\",\"width\":1080,\"height\":1080,\"caption\":\"Th\u00e9orie fondamentale 2\"},{\"@type\":\"BreadcrumbList\",\"@id\":\"https:\/\/dev.fletc.fr\/index.php\/produit\/cycle-1-mtc-theorie-fondamentale-niveau-2\/#breadcrumb\",\"itemListElement\":[{\"@type\":\"ListItem\",\"position\":1,\"name\":\"Accueil\",\"item\":\"https:\/\/dev.fletc.fr\/\"},{\"@type\":\"ListItem\",\"position\":2,\"name\":\"Boutique\",\"item\":\"https:\/\/dev.fletc.fr\/index.php\/boutique\/\"},{\"@type\":\"ListItem\",\"position\":3,\"name\":\"Th\u00e9orie fondamentale niveau 2\"}]},{\"@type\":\"WebSite\",\"@id\":\"https:\/\/dev.fletc.fr\/#website\",\"url\":\"https:\/\/dev.fletc.fr\/\",\"name\":\"FLETC\",\"description\":\"\",\"publisher\":{\"@id\":\"https:\/\/dev.fletc.fr\/#organization\"},\"potentialAction\":[{\"@type\":\"SearchAction\",\"target\":{\"@type\":\"EntryPoint\",\"urlTemplate\":\"https:\/\/dev.fletc.fr\/?s={search_term_string}\"},\"query-input\":{\"@type\":\"PropertyValueSpecification\",\"valueRequired\":true,\"valueName\":\"search_term_string\"}}],\"inLanguage\":\"fr-FR\"},{\"@type\":\"Organization\",\"@id\":\"https:\/\/dev.fletc.fr\/#organization\",\"name\":\"FLETC\",\"url\":\"https:\/\/dev.fletc.fr\/\",\"logo\":{\"@type\":\"ImageObject\",\"inLanguage\":\"fr-FR\",\"@id\":\"https:\/\/dev.fletc.fr\/#\/schema\/logo\/image\/\",\"url\":\"https:\/\/dev.fletc.fr\/wp-content\/uploads\/2023\/03\/LOGOFL_FLETC.jpg\",\"contentUrl\":\"https:\/\/dev.fletc.fr\/wp-content\/uploads\/2023\/03\/LOGOFL_FLETC.jpg\",\"width\":490,\"height\":736,\"caption\":\"FLETC\"},\"image\":{\"@id\":\"https:\/\/dev.fletc.fr\/#\/schema\/logo\/image\/\"},\"sameAs\":[\"https:\/\/www.facebook.com\/FletcEcole\",\"https:\/\/www.instagram.com\/fletc.mtc\/\",\"https:\/\/www.youtube.com\/@fletc-facultelibredenerget5646\",\"https:\/\/www.linkedin.com\/company\/fletc\"]}]}<\/script>\n<!-- \/ Yoast SEO plugin. -->","yoast_head_json":{"title":"Th\u00e9orie fondamentale niveau 2 - FLETC","description":"D\u00e9couvrez notre formation en th\u00e9orie fondamentale de M\u00e9decine Traditionnelle Chinoise (MTC) niveau 2 et son programme d\u00e9taill\u00e9.","robots":{"index":"noindex","follow":"follow","max-snippet":"max-snippet:-1","max-image-preview":"max-image-preview:large","max-video-preview":"max-video-preview:-1"},"og_locale":"fr_FR","og_type":"article","og_title":"Th\u00e9orie fondamentale niveau 2 - FLETC","og_description":"D\u00e9couvrez notre formation en th\u00e9orie fondamentale de M\u00e9decine Traditionnelle Chinoise (MTC) niveau 2 et son programme d\u00e9taill\u00e9.","og_url":"https:\/\/dev.fletc.fr\/index.php\/produit\/cycle-1-mtc-theorie-fondamentale-niveau-2\/","og_site_name":"FLETC","article_publisher":"https:\/\/www.facebook.com\/FletcEcole","article_modified_time":"2024-07-24T14:50:24+00:00","og_image":[{"width":1080,"height":1080,"url":"https:\/\/dev.fletc.fr\/wp-content\/uploads\/2024\/07\/TF2-3-CV.png","type":"image\/png"}],"twitter_card":"summary_large_image","twitter_misc":{"Dur\u00e9e de lecture estim\u00e9e":"3 minutes"},"schema":{"@context":"https:\/\/schema.org","@graph":[{"@type":"WebPage","@id":"https:\/\/dev.fletc.fr\/index.php\/produit\/cycle-1-mtc-theorie-fondamentale-niveau-2\/","url":"https:\/\/dev.fletc.fr\/index.php\/produit\/cycle-1-mtc-theorie-fondamentale-niveau-2\/","name":"Th\u00e9orie fondamentale niveau 2 - FLETC","isPartOf":{"@id":"https:\/\/dev.fletc.fr\/#website"},"primaryImageOfPage":{"@id":"https:\/\/dev.fletc.fr\/index.php\/produit\/cycle-1-mtc-theorie-fondamentale-niveau-2\/#primaryimage"},"image":{"@id":"https:\/\/dev.fletc.fr\/index.php\/produit\/cycle-1-mtc-theorie-fondamentale-niveau-2\/#primaryimage"},"thumbnailUrl":"https:\/\/dev.fletc.fr\/wp-content\/uploads\/2024\/07\/TF2-3-CV.png","datePublished":"2024-01-31T18:53:30+00:00","dateModified":"2024-07-24T14:50:24+00:00","description":"D\u00e9couvrez notre formation en th\u00e9orie fondamentale de M\u00e9decine Traditionnelle Chinoise (MTC) niveau 2 et son programme d\u00e9taill\u00e9.","breadcrumb":{"@id":"https:\/\/dev.fletc.fr\/index.php\/produit\/cycle-1-mtc-theorie-fondamentale-niveau-2\/#breadcrumb"},"inLanguage":"fr-FR","potentialAction":[{"@type":"ReadAction","target":["https:\/\/dev.fletc.fr\/index.php\/produit\/cycle-1-mtc-theorie-fondamentale-niveau-2\/"]}]},{"@type":"ImageObject","inLanguage":"fr-FR","@id":"https:\/\/dev.fletc.fr\/index.php\/produit\/cycle-1-mtc-theorie-fondamentale-niveau-2\/#primaryimage","url":"https:\/\/dev.fletc.fr\/wp-content\/uploads\/2024\/07\/TF2-3-CV.png","contentUrl":"https:\/\/dev.fletc.fr\/wp-content\/uploads\/2024\/07\/TF2-3-CV.png","width":1080,"height":1080,"caption":"Th\u00e9orie fondamentale 2"},{"@type":"BreadcrumbList","@id":"https:\/\/dev.fletc.fr\/index.php\/produit\/cycle-1-mtc-theorie-fondamentale-niveau-2\/#breadcrumb","itemListElement":[{"@type":"ListItem","position":1,"name":"Accueil","item":"https:\/\/dev.fletc.fr\/"},{"@type":"ListItem","position":2,"name":"Boutique","item":"https:\/\/dev.fletc.fr\/index.php\/boutique\/"},{"@type":"ListItem","position":3,"name":"Th\u00e9orie fondamentale niveau 2"}]},{"@type":"WebSite","@id":"https:\/\/dev.fletc.fr\/#website","url":"https:\/\/dev.fletc.fr\/","name":"FLETC","description":"","publisher":{"@id":"https:\/\/dev.fletc.fr\/#organization"},"potentialAction":[{"@type":"SearchAction","target":{"@type":"EntryPoint","urlTemplate":"https:\/\/dev.fletc.fr\/?s={search_term_string}"},"query-input":{"@type":"PropertyValueSpecification","valueRequired":true,"valueName":"search_term_string"}}],"inLanguage":"fr-FR"},{"@type":"Organization","@id":"https:\/\/dev.fletc.fr\/#organization","name":"FLETC","url":"https:\/\/dev.fletc.fr\/","logo":{"@type":"ImageObject","inLanguage":"fr-FR","@id":"https:\/\/dev.fletc.fr\/#\/schema\/logo\/image\/","url":"https:\/\/dev.fletc.fr\/wp-content\/uploads\/2023\/03\/LOGOFL_FLETC.jpg","contentUrl":"https:\/\/dev.fletc.fr\/wp-content\/uploads\/2023\/03\/LOGOFL_FLETC.jpg","width":490,"height":736,"caption":"FLETC"},"image":{"@id":"https:\/\/dev.fletc.fr\/#\/schema\/logo\/image\/"},"sameAs":["https:\/\/www.facebook.com\/FletcEcole","https:\/\/www.instagram.com\/fletc.mtc\/","https:\/\/www.youtube.com\/@fletc-facultelibredenerget5646","https:\/\/www.linkedin.com\/company\/fletc"]}]}},"_links":{"self":[{"href":"https:\/\/dev.fletc.fr\/index.php\/wp-json\/wp\/v2\/product\/680","targetHints":{"allow":["GET"]}}],"collection":[{"href":"https:\/\/dev.fletc.fr\/index.php\/wp-json\/wp\/v2\/product"}],"about":[{"href":"https:\/\/dev.fletc.fr\/index.php\/wp-json\/wp\/v2\/types\/product"}],"replies":[{"embeddable":true,"href":"https:\/\/dev.fletc.fr\/index.php\/wp-json\/wp\/v2\/comments?post=680"}],"wp:featuredmedia":[{"embeddable":true,"href":"https:\/\/dev.fletc.fr\/index.php\/wp-json\/wp\/v2\/media\/1684"}],"wp:attachment":[{"href":"https:\/\/dev.fletc.fr\/index.php\/wp-json\/wp\/v2\/media?parent=680"}],"wp:term":[{"taxonomy":"product_brand","embeddable":true,"href":"https:\/\/dev.fletc.fr\/index.php\/wp-json\/wp\/v2\/product_brand?post=680"},{"taxonomy":"product_cat","embeddable":true,"href":"https:\/\/dev.fletc.fr\/index.php\/wp-json\/wp\/v2\/product_cat?post=680"},{"taxonomy":"product_tag","embeddable":true,"href":"https:\/\/dev.fletc.fr\/index.php\/wp-json\/wp\/v2\/product_tag?post=680"}],"curies":[{"name":"wp","href":"https:\/\/api.w.org\/{rel}","templated":true}]}}