{"id":1019,"date":"2024-03-02T18:09:58","date_gmt":"2024-03-02T17:09:58","guid":{"rendered":"https:\/\/dev.fletc.fr\/?post_type=product&#038;p=1019"},"modified":"2024-05-24T17:44:39","modified_gmt":"2024-05-24T15:44:39","slug":"module-pouls-langue-experimenter-le-subtil","status":"publish","type":"product","link":"https:\/\/dev.fletc.fr\/index.php\/produit\/module-pouls-langue-experimenter-le-subtil\/","title":{"rendered":"Module Pouls \/ langue : exp\u00e9rimenter le subtil"},"content":{"rendered":"<p>D\u00e9couvrez notre module de sp\u00e9cialisation : Pouls \/ langue : exp\u00e9rimenter le subtil.<\/p>\n<p>Comme un peintre qui inlassablement s\u2019exerce pour affiner son trait, pour marier le plein et le vide, le praticien en \u00c9nerg\u00e9tique traditionnelle Chinoise (ETC) est appel\u00e9 \u00e0 affiner son exp\u00e9rience du pouls et de la langue tout au long de son parcours dans le Qi.<br \/>\nAinsi ce module, \u00e0 travers plusieurs ateliers et temps d\u2019\u00e9changes, vous donnera les cl\u00e9s pour aiguiser vos sens et affiner vos Ba Gang.<\/p>\n<p>&nbsp;<\/p>\n<h2>Objectifs du module de sp\u00e9cialisation<\/h2>\n<p>Notre module se donne pour objectif d\u2019aborder l\u2019\u00e9tude du pouls et de la langue par le biais d\u2019une approche multisensorielle.<br \/>\nA la fin du module, les apprenants seront capables :<\/p>\n<ul>\n<li>D\u2019aborder l\u2019\u00e9tude du pouls et l\u2019observation de la langue par le biais d\u2019une approche multisensorielle<\/li>\n<li>Puis d\u2019optimiser l\u2019utilisation de ses habilet\u00e9s motrices, cognitives et sociales<\/li>\n<li>Et aussi effectuer un Ba Gang appuy\u00e9 de l\u2019utilisation de ses 5 sens<\/li>\n<\/ul>\n<p>&nbsp;<\/p>\n<h2>Intervenants<\/h2>\n<p>&nbsp;<\/p>\n<table style=\"height: 210px;\" width=\"785\">\n<tbody>\n<tr>\n<td><img decoding=\"async\" class=\"wp-image-1022 aligncenter\" src=\"https:\/\/dev.fletc.fr\/wp-content\/uploads\/2024\/03\/Beatrice-FA-200x300-2.jpg\" alt=\"B\u00e9atrice FA\" width=\"103\" height=\"155\" \/><\/td>\n<td><strong>B\u00e9atrice FA<\/strong><\/p>\n<ul>\n<li>Dipl\u00f4m\u00e9e ETC-FLETC<\/li>\n<li>Dipl\u00f4m\u00e9e CFMTC<\/li>\n<li>Dipl\u00f4m\u00e9e WFAS<\/li>\n<li>Dipl\u00f4m\u00e9e de l\u2019Acad\u00e9mie des sciences m\u00e9dicales de P\u00e9kin<\/li>\n<li>Certifi\u00e9e de l\u2019Universit\u00e9 de WonKwang (Cor\u00e9e)<\/li>\n<\/ul>\n<\/td>\n<\/tr>\n<\/tbody>\n<tbody>\n<tr>\n<td><img decoding=\"async\" class=\"wp-image-393 size-full aligncenter\" src=\"https:\/\/dev.fletc.fr\/wp-content\/uploads\/2023\/11\/thibault-clerson-200x300-1.jpg\" alt=\"Thibault CLERSON\" width=\"103\" height=\"155\" \/><\/td>\n<td><strong>Thibault CLERSON<\/strong><\/p>\n<ul>\n<li>Dipl\u00f4m\u00e9 ETC- FLETC<\/li>\n<li>Dipl\u00f4m\u00e9 CFMTC<\/li>\n<li>Dipl\u00f4m\u00e9 WFAS<\/li>\n<li>Dipl\u00f4me d\u2019Ost\u00e9opathie<\/li>\n<\/ul>\n<\/td>\n<\/tr>\n<\/tbody>\n<\/table>\n<p>&nbsp;<\/p>\n<h2><strong>Lieu de la formation :\u00a0<\/strong><\/h2>\n<p><a href=\"https:\/\/all.accor.com\/ssr\/app\/mercure\/rates\/1098\/index.fr.shtml?compositions=1&amp;dateIn=2024-03-02&amp;nights=1&amp;hideHotelDetails=false&amp;hideWDR=false&amp;destination=59810-lesquin-france&amp;utm_campaign=ppc-mer-mar-goo-fr-fr-dom_rest-mix-s&amp;utm_content=fr-fr-FR-V2265&amp;utm_medium=cpc&amp;utm_source=google&amp;utm_term=mar\" target=\"_blank\" rel=\"noopener\">H\u00f4tel Mercure Lille A\u00e9roport<\/a><\/p>\n<p>110 rue Jean Jaur\u00e8s,<\/p>\n<p>59810 LESQUIN<\/p>\n<p>&nbsp;<\/p>\n<h2>Dur\u00e9e du module de sp\u00e9cialisation pouls \/ langue : exp\u00e9rimenter le subtil<\/h2>\n<p>2 jours soit 14heures de cours certifi\u00e9s.<\/p>\n<p>&nbsp;<\/p>\n<h2>Dates de la session<\/h2>\n<p>25 et 26 mai 2024<\/p>\n<p>8h30 \u2013 12h00 \/ 13h30 \u2013 17h00<\/p>\n<p>&nbsp;<\/p>\n<h2>Programme d\u00e9taill\u00e9\u00a0du module de sp\u00e9cialisation pouls \/ langue : exp\u00e9rimenter le subtil<\/h2>\n<h3>Jour 1 : D\u00e9couvrir ou red\u00e9couvrir le pouvoir de ses sens<\/h3>\n<ul>\n<li>D\u00e9velopper son Toucher<\/li>\n<li>Puis d\u00e9velopper son Go\u00fbt<\/li>\n<li>Et aussi d\u00e9velopper son Odorat<\/li>\n<li>Puis \u00e9galement d\u00e9velopper sa Vue<\/li>\n<li>Et enfin d\u00e9velopper son Ou\u00efe<\/li>\n<\/ul>\n<p>&nbsp;<\/p>\n<h3>Jour 2 : Entrainement Pouls\/Langue et Ba Gang<\/h3>\n<ul>\n<li>Maitriser la prise de pouls et l\u2019observation de la langue<\/li>\n<li>Aussi se perfectionner au Ba Gang<\/li>\n<\/ul>\n<p>&nbsp;<\/p>\n<h2>Publics vis\u00e9s et pr\u00e9requis<\/h2>\n<p>Stagiaire de la FLETC d\u00e8s la <a href=\"https:\/\/dev.fletc.fr\/index.php\/produit\/theorie-fondamentale-niveau-2\/\">Th\u00e9orie fondamentale niveau 2<\/a>.<br \/>\nPuis les personnes pouvant justifier de 2 ans de pratique de ETC (un test d\u2019\u00e9valuation pourra \u00eatre exig\u00e9).<\/p>\n<p>&nbsp;<\/p>\n<h2>Moyen(s) P\u00e9dagogique(s) du module pouls \/ langue : exp\u00e9rimenter le subtil<\/h2>\n<p>Supports p\u00e9dagogiques papier, vid\u00e9o, ateliers sensoriels et \u00e9galement des exercices pratiques en groupe.<\/p>\n<p>&nbsp;<\/p>\n<h2>M\u00e9thode(s) d\u2019\u00e9valuation des acquis<\/h2>\n<p>Appr\u00e9ciation de l\u2019acquisition des comp\u00e9tences par les formateurs durant les exercices d\u2019application.<\/p>\n","protected":false},"excerpt":{"rendered":"<p>Dans la Tradition chinoise, le pouls et la langue sont les deux pierres angulaires du bilan \u00e9nerg\u00e9tique. Deux pierres solides et incontournables, qui rythment la vie de nos cabinets, et sur lesquelles repose l\u2019\u00e9dification de tout Ba Gang.<\/p>\n<p>Prochaine session : <strong>les 25 et 26 mais 2024<\/strong><\/p>\n<p><img decoding=\"async\" class=\"wp-image-1018 alignleft\" src=\"https:\/\/dev.fletc.fr\/wp-content\/uploads\/2024\/02\/Attention-300x264.png\" alt=\"Avertissement\" width=\"100\" height=\"88\" srcset=\"https:\/\/dev.fletc.fr\/wp-content\/uploads\/2024\/02\/Attention-300x264.png 300w, https:\/\/dev.fletc.fr\/wp-content\/uploads\/2024\/02\/Attention-600x529.png 600w, https:\/\/dev.fletc.fr\/wp-content\/uploads\/2024\/02\/Attention.png 640w\" sizes=\"(max-width: 100px) 100vw, 100px\" \/>Pour participer au module, l\u2019envoi du bulletin d\u2019inscription est indispensable.<\/p>\n<p><a href=\"https:\/\/dev.fletc.fr\/wp-content\/uploads\/2024\/03\/BI-Pouls-langue-modifiable.pdf\" target=\"_blank\" rel=\"noopener\">M&rsquo;inscrire au module : Pouls \/ langue<\/a>. Apr\u00e8s avoir compl\u00e9t\u00e9 le bulletin dans votre navigateur favori, enregistrez le document avec les modifications sur votre support (ordinateur, tablette, smartphone) et envoyez-le par mail \u00e0 <a href=\"mailto:info@fletc.fr?subject=Inscription%20module%20%3A%20Pouls%20%2F%20langue%20%3A%20exp%C3%A9rimenter%20le%20subtil&amp;body=Bonjour%2C%0D%0A%0D%0AVeuillez%20trouver%20ci-joint%20mon%20bulletin%20d'inscription%20au%20module%20%3A%20Pouls%20%2F%20langue%20%3A%20exp%C3%A9rimenter%20le%20subtil.%20%0D%0ABonne%20r%C3%A9ception.%0D%0ACordialement%2C%0D%0A%0D%0ANom%20%3A%20%0D%0APr%C3%A9nom%20%3A%0D%0A\">info@fletc.fr<\/a><\/p>\n","protected":false},"featured_media":1333,"comment_status":"open","ping_status":"closed","template":"","meta":{"ocean_post_layout":"","ocean_both_sidebars_style":"","ocean_both_sidebars_content_width":0,"ocean_both_sidebars_sidebars_width":0,"ocean_sidebar":"0","ocean_second_sidebar":"0","ocean_disable_margins":"enable","ocean_add_body_class":"","ocean_shortcode_before_top_bar":"","ocean_shortcode_after_top_bar":"","ocean_shortcode_before_header":"","ocean_shortcode_after_header":"","ocean_has_shortcode":"","ocean_shortcode_after_title":"","ocean_shortcode_before_footer_widgets":"","ocean_shortcode_after_footer_widgets":"","ocean_shortcode_before_footer_bottom":"","ocean_shortcode_after_footer_bottom":"","ocean_display_top_bar":"default","ocean_display_header":"default","ocean_header_style":"","ocean_center_header_left_menu":"0","ocean_custom_header_template":"0","ocean_custom_logo":0,"ocean_custom_retina_logo":0,"ocean_custom_logo_max_width":0,"ocean_custom_logo_tablet_max_width":0,"ocean_custom_logo_mobile_max_width":0,"ocean_custom_logo_max_height":0,"ocean_custom_logo_tablet_max_height":0,"ocean_custom_logo_mobile_max_height":0,"ocean_header_custom_menu":"0","ocean_menu_typo_font_family":"0","ocean_menu_typo_font_subset":"","ocean_menu_typo_font_size":0,"ocean_menu_typo_font_size_tablet":0,"ocean_menu_typo_font_size_mobile":0,"ocean_menu_typo_font_size_unit":"px","ocean_menu_typo_font_weight":"","ocean_menu_typo_font_weight_tablet":"","ocean_menu_typo_font_weight_mobile":"","ocean_menu_typo_transform":"","ocean_menu_typo_transform_tablet":"","ocean_menu_typo_transform_mobile":"","ocean_menu_typo_line_height":0,"ocean_menu_typo_line_height_tablet":0,"ocean_menu_typo_line_height_mobile":0,"ocean_menu_typo_line_height_unit":"","ocean_menu_typo_spacing":0,"ocean_menu_typo_spacing_tablet":0,"ocean_menu_typo_spacing_mobile":0,"ocean_menu_typo_spacing_unit":"","ocean_menu_link_color":"","ocean_menu_link_color_hover":"","ocean_menu_link_color_active":"","ocean_menu_link_background":"","ocean_menu_link_hover_background":"","ocean_menu_link_active_background":"","ocean_menu_social_links_bg":"","ocean_menu_social_hover_links_bg":"","ocean_menu_social_links_color":"","ocean_menu_social_hover_links_color":"","ocean_disable_title":"default","ocean_disable_heading":"default","ocean_post_title":"","ocean_post_subheading":"","ocean_post_title_style":"","ocean_post_title_background_color":"","ocean_post_title_background":0,"ocean_post_title_bg_image_position":"","ocean_post_title_bg_image_attachment":"","ocean_post_title_bg_image_repeat":"","ocean_post_title_bg_image_size":"","ocean_post_title_height":0,"ocean_post_title_bg_overlay":0.5,"ocean_post_title_bg_overlay_color":"","ocean_disable_breadcrumbs":"default","ocean_breadcrumbs_color":"","ocean_breadcrumbs_separator_color":"","ocean_breadcrumbs_links_color":"","ocean_breadcrumbs_links_hover_color":"","ocean_display_footer_widgets":"default","ocean_display_footer_bottom":"default","ocean_custom_footer_template":"0"},"product_brand":[],"product_cat":[26],"product_tag":[],"class_list":{"0":"post-1019","1":"product","2":"type-product","3":"status-publish","4":"has-post-thumbnail","6":"product_cat-modules-complementaires-de-formation-mtc","8":"entry","9":"has-media","11":"first","12":"instock","13":"purchasable","14":"product-type-variable","15":"has-product-nav","16":"col","17":"span_1_of_3","18":"owp-content-center","19":"item-entry","20":"owp-thumbs-layout-horizontal","21":"owp-btn-normal","22":"owp-tabs-layout-horizontal","23":"has-no-thumbnails","25":"circle-sale"},"yoast_head":"<!-- This site is optimized with the Yoast SEO plugin v25.4 - https:\/\/yoast.com\/wordpress\/plugins\/seo\/ -->\n<title>Module Pouls \/ langue : exp\u00e9rimenter le subtil - FLETC<\/title>\n<meta name=\"description\" content=\"D\u00e9couvrez notre module de sp\u00e9cialisation Pouls \/ langue qui vous permet de poursuivre vos apprentissages et perfectionner votre Ba Gang .\" \/>\n<meta name=\"robots\" content=\"noindex, follow, max-snippet:-1, max-image-preview:large, max-video-preview:-1\" \/>\n<meta property=\"og:locale\" content=\"fr_FR\" \/>\n<meta property=\"og:type\" content=\"article\" \/>\n<meta property=\"og:title\" content=\"Module Pouls \/ langue : exp\u00e9rimenter le subtil - FLETC\" \/>\n<meta property=\"og:description\" content=\"D\u00e9couvrez notre module de sp\u00e9cialisation Pouls \/ langue qui vous permet de poursuivre vos apprentissages et perfectionner votre Ba Gang .\" \/>\n<meta property=\"og:url\" content=\"https:\/\/dev.fletc.fr\/index.php\/produit\/module-pouls-langue-experimenter-le-subtil\/\" \/>\n<meta property=\"og:site_name\" content=\"FLETC\" \/>\n<meta property=\"article:publisher\" content=\"https:\/\/www.facebook.com\/FletcEcole\" \/>\n<meta property=\"article:modified_time\" content=\"2024-05-24T15:44:39+00:00\" \/>\n<meta property=\"og:image\" content=\"https:\/\/dev.fletc.fr\/wp-content\/uploads\/2024\/04\/Module-pouls-langue.png\" \/>\n\t<meta property=\"og:image:width\" content=\"1080\" \/>\n\t<meta property=\"og:image:height\" content=\"1080\" \/>\n\t<meta property=\"og:image:type\" content=\"image\/png\" \/>\n<meta name=\"twitter:card\" content=\"summary_large_image\" \/>\n<meta name=\"twitter:label1\" content=\"Dur\u00e9e de lecture estim\u00e9e\" \/>\n\t<meta name=\"twitter:data1\" content=\"3 minutes\" \/>\n<script type=\"application\/ld+json\" class=\"yoast-schema-graph\">{\"@context\":\"https:\/\/schema.org\",\"@graph\":[{\"@type\":\"WebPage\",\"@id\":\"https:\/\/dev.fletc.fr\/index.php\/produit\/module-pouls-langue-experimenter-le-subtil\/\",\"url\":\"https:\/\/dev.fletc.fr\/index.php\/produit\/module-pouls-langue-experimenter-le-subtil\/\",\"name\":\"Module Pouls \/ langue : exp\u00e9rimenter le subtil - FLETC\",\"isPartOf\":{\"@id\":\"https:\/\/dev.fletc.fr\/#website\"},\"primaryImageOfPage\":{\"@id\":\"https:\/\/dev.fletc.fr\/index.php\/produit\/module-pouls-langue-experimenter-le-subtil\/#primaryimage\"},\"image\":{\"@id\":\"https:\/\/dev.fletc.fr\/index.php\/produit\/module-pouls-langue-experimenter-le-subtil\/#primaryimage\"},\"thumbnailUrl\":\"https:\/\/dev.fletc.fr\/wp-content\/uploads\/2024\/04\/Module-pouls-langue.png\",\"datePublished\":\"2024-03-02T17:09:58+00:00\",\"dateModified\":\"2024-05-24T15:44:39+00:00\",\"description\":\"D\u00e9couvrez notre module de sp\u00e9cialisation Pouls \/ langue qui vous permet de poursuivre vos apprentissages et perfectionner votre Ba Gang .\",\"breadcrumb\":{\"@id\":\"https:\/\/dev.fletc.fr\/index.php\/produit\/module-pouls-langue-experimenter-le-subtil\/#breadcrumb\"},\"inLanguage\":\"fr-FR\",\"potentialAction\":[{\"@type\":\"ReadAction\",\"target\":[\"https:\/\/dev.fletc.fr\/index.php\/produit\/module-pouls-langue-experimenter-le-subtil\/\"]}]},{\"@type\":\"ImageObject\",\"inLanguage\":\"fr-FR\",\"@id\":\"https:\/\/dev.fletc.fr\/index.php\/produit\/module-pouls-langue-experimenter-le-subtil\/#primaryimage\",\"url\":\"https:\/\/dev.fletc.fr\/wp-content\/uploads\/2024\/04\/Module-pouls-langue.png\",\"contentUrl\":\"https:\/\/dev.fletc.fr\/wp-content\/uploads\/2024\/04\/Module-pouls-langue.png\",\"width\":1080,\"height\":1080,\"caption\":\"pouls langue\"},{\"@type\":\"BreadcrumbList\",\"@id\":\"https:\/\/dev.fletc.fr\/index.php\/produit\/module-pouls-langue-experimenter-le-subtil\/#breadcrumb\",\"itemListElement\":[{\"@type\":\"ListItem\",\"position\":1,\"name\":\"Accueil\",\"item\":\"https:\/\/dev.fletc.fr\/\"},{\"@type\":\"ListItem\",\"position\":2,\"name\":\"Boutique\",\"item\":\"https:\/\/dev.fletc.fr\/index.php\/boutique\/\"},{\"@type\":\"ListItem\",\"position\":3,\"name\":\"Module Pouls \/ langue : exp\u00e9rimenter le subtil\"}]},{\"@type\":\"WebSite\",\"@id\":\"https:\/\/dev.fletc.fr\/#website\",\"url\":\"https:\/\/dev.fletc.fr\/\",\"name\":\"FLETC\",\"description\":\"\",\"publisher\":{\"@id\":\"https:\/\/dev.fletc.fr\/#organization\"},\"potentialAction\":[{\"@type\":\"SearchAction\",\"target\":{\"@type\":\"EntryPoint\",\"urlTemplate\":\"https:\/\/dev.fletc.fr\/?s={search_term_string}\"},\"query-input\":{\"@type\":\"PropertyValueSpecification\",\"valueRequired\":true,\"valueName\":\"search_term_string\"}}],\"inLanguage\":\"fr-FR\"},{\"@type\":\"Organization\",\"@id\":\"https:\/\/dev.fletc.fr\/#organization\",\"name\":\"FLETC\",\"url\":\"https:\/\/dev.fletc.fr\/\",\"logo\":{\"@type\":\"ImageObject\",\"inLanguage\":\"fr-FR\",\"@id\":\"https:\/\/dev.fletc.fr\/#\/schema\/logo\/image\/\",\"url\":\"https:\/\/dev.fletc.fr\/wp-content\/uploads\/2023\/03\/LOGOFL_FLETC.jpg\",\"contentUrl\":\"https:\/\/dev.fletc.fr\/wp-content\/uploads\/2023\/03\/LOGOFL_FLETC.jpg\",\"width\":490,\"height\":736,\"caption\":\"FLETC\"},\"image\":{\"@id\":\"https:\/\/dev.fletc.fr\/#\/schema\/logo\/image\/\"},\"sameAs\":[\"https:\/\/www.facebook.com\/FletcEcole\",\"https:\/\/www.instagram.com\/fletc.mtc\/\",\"https:\/\/www.youtube.com\/@fletc-facultelibredenerget5646\",\"https:\/\/www.linkedin.com\/company\/fletc\"]}]}<\/script>\n<!-- \/ Yoast SEO plugin. -->","yoast_head_json":{"title":"Module Pouls \/ langue : exp\u00e9rimenter le subtil - FLETC","description":"D\u00e9couvrez notre module de sp\u00e9cialisation Pouls \/ langue qui vous permet de poursuivre vos apprentissages et perfectionner votre Ba Gang .","robots":{"index":"noindex","follow":"follow","max-snippet":"max-snippet:-1","max-image-preview":"max-image-preview:large","max-video-preview":"max-video-preview:-1"},"og_locale":"fr_FR","og_type":"article","og_title":"Module Pouls \/ langue : exp\u00e9rimenter le subtil - FLETC","og_description":"D\u00e9couvrez notre module de sp\u00e9cialisation Pouls \/ langue qui vous permet de poursuivre vos apprentissages et perfectionner votre Ba Gang .","og_url":"https:\/\/dev.fletc.fr\/index.php\/produit\/module-pouls-langue-experimenter-le-subtil\/","og_site_name":"FLETC","article_publisher":"https:\/\/www.facebook.com\/FletcEcole","article_modified_time":"2024-05-24T15:44:39+00:00","og_image":[{"width":1080,"height":1080,"url":"https:\/\/dev.fletc.fr\/wp-content\/uploads\/2024\/04\/Module-pouls-langue.png","type":"image\/png"}],"twitter_card":"summary_large_image","twitter_misc":{"Dur\u00e9e de lecture estim\u00e9e":"3 minutes"},"schema":{"@context":"https:\/\/schema.org","@graph":[{"@type":"WebPage","@id":"https:\/\/dev.fletc.fr\/index.php\/produit\/module-pouls-langue-experimenter-le-subtil\/","url":"https:\/\/dev.fletc.fr\/index.php\/produit\/module-pouls-langue-experimenter-le-subtil\/","name":"Module Pouls \/ langue : exp\u00e9rimenter le subtil - FLETC","isPartOf":{"@id":"https:\/\/dev.fletc.fr\/#website"},"primaryImageOfPage":{"@id":"https:\/\/dev.fletc.fr\/index.php\/produit\/module-pouls-langue-experimenter-le-subtil\/#primaryimage"},"image":{"@id":"https:\/\/dev.fletc.fr\/index.php\/produit\/module-pouls-langue-experimenter-le-subtil\/#primaryimage"},"thumbnailUrl":"https:\/\/dev.fletc.fr\/wp-content\/uploads\/2024\/04\/Module-pouls-langue.png","datePublished":"2024-03-02T17:09:58+00:00","dateModified":"2024-05-24T15:44:39+00:00","description":"D\u00e9couvrez notre module de sp\u00e9cialisation Pouls \/ langue qui vous permet de poursuivre vos apprentissages et perfectionner votre Ba Gang .","breadcrumb":{"@id":"https:\/\/dev.fletc.fr\/index.php\/produit\/module-pouls-langue-experimenter-le-subtil\/#breadcrumb"},"inLanguage":"fr-FR","potentialAction":[{"@type":"ReadAction","target":["https:\/\/dev.fletc.fr\/index.php\/produit\/module-pouls-langue-experimenter-le-subtil\/"]}]},{"@type":"ImageObject","inLanguage":"fr-FR","@id":"https:\/\/dev.fletc.fr\/index.php\/produit\/module-pouls-langue-experimenter-le-subtil\/#primaryimage","url":"https:\/\/dev.fletc.fr\/wp-content\/uploads\/2024\/04\/Module-pouls-langue.png","contentUrl":"https:\/\/dev.fletc.fr\/wp-content\/uploads\/2024\/04\/Module-pouls-langue.png","width":1080,"height":1080,"caption":"pouls langue"},{"@type":"BreadcrumbList","@id":"https:\/\/dev.fletc.fr\/index.php\/produit\/module-pouls-langue-experimenter-le-subtil\/#breadcrumb","itemListElement":[{"@type":"ListItem","position":1,"name":"Accueil","item":"https:\/\/dev.fletc.fr\/"},{"@type":"ListItem","position":2,"name":"Boutique","item":"https:\/\/dev.fletc.fr\/index.php\/boutique\/"},{"@type":"ListItem","position":3,"name":"Module Pouls \/ langue : exp\u00e9rimenter le subtil"}]},{"@type":"WebSite","@id":"https:\/\/dev.fletc.fr\/#website","url":"https:\/\/dev.fletc.fr\/","name":"FLETC","description":"","publisher":{"@id":"https:\/\/dev.fletc.fr\/#organization"},"potentialAction":[{"@type":"SearchAction","target":{"@type":"EntryPoint","urlTemplate":"https:\/\/dev.fletc.fr\/?s={search_term_string}"},"query-input":{"@type":"PropertyValueSpecification","valueRequired":true,"valueName":"search_term_string"}}],"inLanguage":"fr-FR"},{"@type":"Organization","@id":"https:\/\/dev.fletc.fr\/#organization","name":"FLETC","url":"https:\/\/dev.fletc.fr\/","logo":{"@type":"ImageObject","inLanguage":"fr-FR","@id":"https:\/\/dev.fletc.fr\/#\/schema\/logo\/image\/","url":"https:\/\/dev.fletc.fr\/wp-content\/uploads\/2023\/03\/LOGOFL_FLETC.jpg","contentUrl":"https:\/\/dev.fletc.fr\/wp-content\/uploads\/2023\/03\/LOGOFL_FLETC.jpg","width":490,"height":736,"caption":"FLETC"},"image":{"@id":"https:\/\/dev.fletc.fr\/#\/schema\/logo\/image\/"},"sameAs":["https:\/\/www.facebook.com\/FletcEcole","https:\/\/www.instagram.com\/fletc.mtc\/","https:\/\/www.youtube.com\/@fletc-facultelibredenerget5646","https:\/\/www.linkedin.com\/company\/fletc"]}]}},"_links":{"self":[{"href":"https:\/\/dev.fletc.fr\/index.php\/wp-json\/wp\/v2\/product\/1019","targetHints":{"allow":["GET"]}}],"collection":[{"href":"https:\/\/dev.fletc.fr\/index.php\/wp-json\/wp\/v2\/product"}],"about":[{"href":"https:\/\/dev.fletc.fr\/index.php\/wp-json\/wp\/v2\/types\/product"}],"replies":[{"embeddable":true,"href":"https:\/\/dev.fletc.fr\/index.php\/wp-json\/wp\/v2\/comments?post=1019"}],"wp:featuredmedia":[{"embeddable":true,"href":"https:\/\/dev.fletc.fr\/index.php\/wp-json\/wp\/v2\/media\/1333"}],"wp:attachment":[{"href":"https:\/\/dev.fletc.fr\/index.php\/wp-json\/wp\/v2\/media?parent=1019"}],"wp:term":[{"taxonomy":"product_brand","embeddable":true,"href":"https:\/\/dev.fletc.fr\/index.php\/wp-json\/wp\/v2\/product_brand?post=1019"},{"taxonomy":"product_cat","embeddable":true,"href":"https:\/\/dev.fletc.fr\/index.php\/wp-json\/wp\/v2\/product_cat?post=1019"},{"taxonomy":"product_tag","embeddable":true,"href":"https:\/\/dev.fletc.fr\/index.php\/wp-json\/wp\/v2\/product_tag?post=1019"}],"curies":[{"name":"wp","href":"https:\/\/api.w.org\/{rel}","templated":true}]}}